rime?
False
Is 312575665 prime?
False
Is 14473709 composite?
False
Is 2564863 a prime number?
False
Is 18281641 prime?
False
Is 1286177 a composite number?
False
Is 891959 prime?
False
Is 372634903 a prime number?
True
Is 5569753 prime?
False
Is 159890371 prime?
False
Is 6069241 a composite number?
False
Is 63993733 a prime number?
False
Is 34666619 prime?
False
Is 46760027 prime?
True
Is 52244877 composite?
True
Is 460484777 prime?
True
Is 178601977 prime?
True
Is 110851 a prime number?
False
Is 8574037 a composite number?
False
Is 31765039 prime?
False
Is 113074889 prime?
False
Is 103716247 composite?
True
Is 59549129 a composite number?
True
Is 6329171 prime?
True
Is 1362919 a composite number?
False
Is 3435001 a prime number?
False
Is 28253887 composite?
False
Is 12657791 a prime number?
True
Is 29552109 a prime number?
False
Is 7630253 prime?
True
Is 41718703 composite?
True
Is 2495071 a composite number?
False
Is 5233997 a prime number?
True
Is 13361333 a prime number?
True
Is 11684942 a prime number?
False
Is 5832823 a composite number?
True
Is 19099909 prime?
False
Is 25094243 a composite number?
False
Is 10877119 a prime number?
False
Is 37525871 composite?
True
Is 2074321 a prime number?
True
Is 2698051705 a prime number?
False
Is 21731 composite?
True
Is 45078121 a composite number?
True
Is 55699247 composite?
False
Is 198383027 a prime number?
False
Is 31699673 a composite number?
True
Is 6219299 prime?
False
Is 774419 a prime number?
False
Is 12228173 prime?
False
Is 101673647 composite?
True
Is 27829573 a prime number?
True
Is 295937 composite?
False
Is 220663 prime?
True
Is 287556097 composite?
True
Is 4184333 a prime number?
False
Is 56433461 a composite number?
True
Is 325721023 composite?
False
Is 43032973 composite?
False
Is 24522011 prime?
True
Is 217750787 composite?
True
Is 148628345 a composite number?
True
Is 8512327 composite?
True
Is 1529947 a composite number?
False
Is 92865818 prime?
False
Is 19710889 composite?
True
Is 22597143 a prime number?
False
Is 81650549 prime?
True
Is 70650509 composite?
False
Is 225571323 a prime number?
False
Is 40659785 prime?
False
Is 47465443 prime?
True
Is 11922683 prime?
False
Is 6455867 a composite number?
True
Is 500807831 a prime number?
True
Is 44763931 a prime number?
True
Is 1200566 a composite number?
True
Is 82403863 a composite number?
True
Is 21046787 composite?
True
Is 2665165 a composite number?
True
Is 11964829 composite?
False
Is 4521298 a composite number?
True
Is 6638881 a composite number?
True
Is 279314933 a composite number?
True
Is 9771919 prime?
False
Is 21074743 a composite number?
True
Is 707969 a composite number?
False
Is 141126191 a prime number?
True
Is 261284909 a composite number?
False
Is 67015589 prime?
True
Is 9840431 a composite number?
False
Is 26676259 a composite number?
True
Is 53213 prime?
False
Is 9536341 composite?
True
Is 10918139 a prime number?
True
Is 2737901 composite?
True
Is 2164073 a composite number?
False
Is 238350569 composite?
True
Is 41926259 composite?
False
Is 3433169 prime?
True
Is 361414609 a prime number?
True
Is 295344833 composite?
True
Is 11321659 prime?
True
Is 2055915967 composite?
True
Is 2490413 a composite number?
False
Is 45965171 a prime number?
False
Is 11571557 prime?
True
Is 3291259 composite?
False
Is 608693 a prime number?
True
Is 272029469 prime?
False
Is 7777337 a composite number?
False
Is 30706285 a prime number?
False
Is 1665797 prime?
False
Is 9070519 a prime number?
True
Is 16584215 a prime number?
False
Is 774028531 a composite number?
True
Is 5464762 prime?
False
Is 11998877 a prime number?
False
Is 3026999 composite?
False
Is 56639609 prime?
False
Is 2844691 a prime number?
True
Is 1669279 a prime number?
True
Is 18788711 prime?
False
Is 20628331 composite?
True
Is 1915181 a composite number?
True
Is 580157 prime?
False
Is 32154271 a composite number?
False
Is 1303903 a prime number?
True
Is 640015331 prime?
True
Is 4099171 prime?
True
Is 14785007 prime?
False
Is 6245087 a composite number?
False
Is 2018221 a prime number?
False
Is 8992717 a composite number?
False
Is 19522289 prime?
True
Is 139735361 a composite number?
False
Is 104458951 a composite number?
True
Is 83794619 prime?
True
Is 2736623 prime?
True
Is 7072517 composite?
False
Is 16463807 a prime number?
True
Is 189673937 composite?
False
Is 83692871 a prime number?
True
Is 1376005 a composite number?
True
Is 259956379 composite?
False
Is 12491909 a prime number?
True
Is 4259783 a composite number?
True
Is 2686657 prime?
False
Is 2039119 composite?
False
Is 51825883 a composite number?
False
Is 10389035 prime?
False
Is 212959 a prime number?
False
Is 9124457 a prime number?
True
Is 7219477 a composite number?
True
Is 2734921 prime?
False
Is 7302133 a prime number?
False
Is 4343281 prime?
False
Is 277480219 a prime number?
True
Is 9556291 prime?
True
Is 212253377 a composite number?
True
Is 2290258 composite?
True
Is 61291223 prime?
False
Is 22085815 a composite number?
True
Is 82223041 a composite number?
True
Is 395997629 a composite number?
True
Is 4933147 a composite number?
False
Is 9374369 composite?
True
Is 86024447 a prime number?
True
Is 13687927 a composite number?
True
Is 125654677 a prime number?
False
Is 1774159 a composite number?
False
Is 268048013 a composite number?
False
Is 237004015 composite?
True
Is 595513 a composite number?
False
Is 62106803 composite?
True
Is 1354843 composite?
True
Is 2876971 a composite number?
False
Is 858217 a composite number?
False
Is 2428369 a prime number?
True
Is 168922555 a prime number?
False
Is 6346441 a prime number?
False
Is 5558801 a composite number?
True
Is 22488751 prime?
False
Is 5386631 prime?
True
Is 69666379 prime?
False
Is 7644419 a composite number?
True
Is 297858607 a prime number?
True
Is 52598927 a prime number?
False
Is 36377351 a composite number?
True
Is 5159227 composite?
False
Is 89364371 prime?
True
Is 3525257 a prime number?
False
Is 96194213 composite?
False
Is 90783379 prime?
False
Is 1918835 prime?
False
Is 73306889 composite?
True
Is 11866931 a prime number?
False
Is 292355863 prime?
True
Is 431234467 a prime number?
False
Is 22369309 a composite number?
False
Is 63480369 composite?
True
Is 214438091 prime?
False
Is 8124271 a composite number?
True
Is 39007141 a composite number?
False
Is 29007427 a composite number?
False
Is 12976451 prime?
True
Is 2694613 composite?
True
Is 12987523 a composite number?
False
Is 2901839 prime?
True
Is 10320511 a composite number?
False
Is 466009 prime?
True
Is 4700519 a composite number?
True
Is 690676823 prime?
False
Is 642113 prime?
True
Is 7051567 composite?
False
Is 166801889 composite?
False
Is 161818201 composite?
False
Is 2747813 a composite number?
True
Is 175356689 a prime number?
True
Is 471515169 prime?
False
Is 18033333 composite?
True
Is 2915923 composite?
False
Is 36167405 composite?
True
Is 172337927 a prime number?
False
Is 3835831 composite?
False
Is 1761150505 a composite number?
True
Is 19512127 composite?
False
Is 11479817 prime?
False
Is 9961451 prime?
True
Is 40473089 a composite number?
False
Is 1084687049 composite?
False
Is 204274011 prime?
False
Is 90029 a prime number?
False
Is 1056599 a composite number?
False
Is 2803913 composite?
True
Is 487159 a prime number?
False
Is 47066759 composite?
False
Is 8453222 a composite number?
True
Is 37243 prime?
True
Is 3271459 prime?
True
Is 1584871 composite?
True
Is 2261813 a prime number?
False
Is 6575893 composite?
False
Is 221192329 composite?
False
Is 106376639 composite?
False
Is 4586203 prime?
True
Is 6633541 a prime number?
False
Is 904597 composite?
True
Is 7496087 composite?
False
Is 2760439 a prime number?
False
Is 769759127 prime?
True
Is 252933569 a composite number?
True
Is 56431 a composite number?
False
Is 18846869 a composite number?
False
Is 5207677 a prime number?
True
Is 30633709 a prime number?
True
Is 2195339 a composite number?
False
Is 132887299 composite?
False
Is 36770969 a prime number?
False
Is 233284123 a composite number?
False
Is 923107 prime?
True
Is 3907577 prime?
False
Is 336987089 a prime number?
True
Is 52006109 a prime number?
False
Is 22497133 composite?
False
Is 432537191 a prime number?
False
Is 1737277 a composite number